{"id":74,"date":"2019-11-23T17:18:25","date_gmt":"2019-11-23T17:18:25","guid":{"rendered":"https:\/\/pancakerecords.de\/?page_id=74"},"modified":"2019-11-23T17:18:49","modified_gmt":"2019-11-23T17:18:49","slug":"house-of-pancakes","status":"publish","type":"page","link":"https:\/\/pancakerecords.de\/index.php\/house-of-pancakes\/","title":{"rendered":"House of Pancakes"},"content":{"rendered":"<p><iframe loading=\"lazy\" src=\"\/\/www.youtube.com\/embed\/fbZCdLOPvWo\" width=\"420\" height=\"315\" frameborder=\"0\" allowfullscreen=\"allowfullscreen\"><\/iframe><\/p>\n<p><a title=\"Maximum pancake\" href=\"http:\/\/www.musicload.de\/ltj\/maximum-pancake-feat-house-of-pancakes\/musik\/maxi\/12896387_2?xtmc=House_of_pancakes&amp;xtcr=1\" target=\"_blank\" rel=\"noopener noreferrer\"><img loading=\"lazy\" decoding=\"async\" class=\"size-full wp-image-88 aligncenter\" src=\"http:\/\/pancakerecords.sublinemusic.com\/wp\/wp-content\/uploads\/2014\/05\/image5.jpg\" alt=\"Maximum pancake\" width=\"230\" height=\"230\" \/><\/a><\/p>\n<p><a href=\"http:\/\/www.amazon.de\/s\/ref=nb_sb_noss\/279-6384090-0423832?__mk_de_DE=\u00c5M\u00c5\u017d\u00d5\u00d1&amp;url=search-alias%3Ddigital-music&amp;field-keywords=House+of+pancakes\" target=\"_blank\" rel=\"noopener noreferrer\"><img loading=\"lazy\" decoding=\"async\" class=\"size-full wp-image-106 aligncenter\" src=\"http:\/\/pancakerecords.sublinemusic.com\/wp\/wp-content\/uploads\/2014\/05\/image8.jpg\" alt=\"Amazon\" width=\"142\" height=\"80\" \/><\/a><br \/>\nListe der Titel von maximum pancake (feat. House of Pancakes)<br \/>\nMaxi &#8222;maximum pancake (feat. House of Pancakes)&#8220;<br \/>\nTitel Interpret Dauer Format Preis Aktionen<br \/>\n1. Save (feat. House of Pancakes) LTJ 3:06 w\u00e4hlbar \u00a0 ab \u00a0\u20ac 1,29<br \/>\n2. Sun (feat. House of Pancakes) LTJ 3:31 w\u00e4hlbar \u00a0 ab \u00a0\u20ac 1,29<br \/>\n3. Max is dead (feat. House of Pancakes) LTJ 3:40 w\u00e4hlbar \u00a0 ab \u00a0\u20ac 1,29<br \/>\n4. Max ist tot (feat. House of Pancakes) LTJ 3:40 w\u00e4hlbar \u00a0 ab \u00a0\u20ac 1,29<br \/>\n5. never (feat. House of Pancakes) LTJ 2:55 w\u00e4hlbar \u00a0 ab \u00a0\u20ac 1,29<\/p>\n<p><a href=\"http:\/\/pancakerecords.sublinemusic.com\/wp\/wp-content\/uploads\/2014\/01\/Pancake-Recordds.png\"><img loading=\"lazy\" decoding=\"async\" class=\"alignnone size-medium wp-image-4\" src=\"http:\/\/pancakerecords.sublinemusic.com\/wp\/wp-content\/uploads\/2014\/01\/Pancake-Recordds-300x300.png\" alt=\"Pancake Recordds\" width=\"300\" height=\"300\" \/><\/a><\/p>\n<p><iframe loading=\"lazy\" src=\"\/\/www.youtube.com\/embed\/osPyFE2pwFY\" width=\"420\" height=\"315\" frameborder=\"0\" allowfullscreen=\"allowfullscreen\"><\/iframe><\/p>\n","protected":false},"excerpt":{"rendered":"<p>Liste der Titel von maximum pancake (feat. House of Pancakes) Maxi &#8222;maximum pancake (feat. House of Pancakes)&#8220; Titel Interpret Dauer Format Preis Aktionen 1. Save (feat. House of Pancakes) LTJ 3:06 w\u00e4hlbar \u00a0 ab \u00a0\u20ac 1,29 2. Sun (feat. House of Pancakes) LTJ 3:31 w\u00e4hlbar \u00a0 ab \u00a0\u20ac 1,29 3. Max is dead (feat. House [&hellip;]<\/p>\n","protected":false},"author":1,"featured_media":0,"parent":0,"menu_order":0,"comment_status":"closed","ping_status":"closed","template":"","meta":{"footnotes":""},"class_list":["post-74","page","type-page","status-publish","hentry"],"_links":{"self":[{"href":"https:\/\/pancakerecords.de\/index.php\/wp-json\/wp\/v2\/pages\/74","targetHints":{"allow":["GET"]}}],"collection":[{"href":"https:\/\/pancakerecords.de\/index.php\/wp-json\/wp\/v2\/pages"}],"about":[{"href":"https:\/\/pancakerecords.de\/index.php\/wp-json\/wp\/v2\/types\/page"}],"author":[{"embeddable":true,"href":"https:\/\/pancakerecords.de\/index.php\/wp-json\/wp\/v2\/users\/1"}],"replies":[{"embeddable":true,"href":"https:\/\/pancakerecords.de\/index.php\/wp-json\/wp\/v2\/comments?post=74"}],"version-history":[{"count":2,"href":"https:\/\/pancakerecords.de\/index.php\/wp-json\/wp\/v2\/pages\/74\/revisions"}],"predecessor-version":[{"id":77,"href":"https:\/\/pancakerecords.de\/index.php\/wp-json\/wp\/v2\/pages\/74\/revisions\/77"}],"wp:attachment":[{"href":"https:\/\/pancakerecords.de\/index.php\/wp-json\/wp\/v2\/media?parent=74"}],"curies":[{"name":"wp","href":"https:\/\/api.w.org\/{rel}","templated":true}]}}